- 7. Suppose -18 = -3*f + 15. Let n(m) = f*z(m) + 2*q(m). Give n(7).
-7
Suppose 2*n - 6*n + 12 = 0. Suppose -5*c - 15 = 0, n*p - 30 = -2*c + 33. Suppose 5*z = -3 + p. Let i(g) = g**2 - 5*g - 2. Determine i(z).
-6
Suppose 8*q = 3*q + 50. Let h(c) = c**2 - 10*c - 5. Calculate h(q).
-5
Let b be 62/12 + (-6)/36. Suppose 8 = -b*v + 13. Let a(x) = -13*x**3 + 22*x**3 - 2*x + 5*x**2 - 10*x**3 - v. Calculate a(5).
-11
Let c(o) = o**2 - o + 1. Let u be c(2). Let z(g) be the second derivative of 0*g**2 - 2/3*g**3 + 0 + 12*g. Determine z(u).
-12
Let b = 580 - 577. Let f(o) = 5*o**2 - o - 4. Determine f(b).
38
Let j(v) = 8*v**2 + 2708*v - 2705*v - 2*v**2 - 1. What is j(2)?
29
Let s(t) be the first derivative of -t**3/3 - t**2 - 4*t + 132. Determine s(-3).
-7
Suppose -17*h + 20*h = 39. Let l(c) = c + h - 21 + 9. What is l(-1)?
0
Let l be (28/6)/((-9)/(54/(-4))). Let i(r) = l*r + 1 + 1 + 5 + r**2. Calculate i(-6).
1
Let k(l) = -2*l - 3*l + 3 - 2*l. Let s(n) = 0 - 2 + 23*n - 20*n. Let i(f) = 2*k(f) + 5*s(f). Determine i(6).
2
Let q(o) = -28 + 18 + 10*o + 0 + 10. Determine q(1).
10
Suppose 0 = -10*z - 90 + 70. Let s(u) be the first derivative of 3*u**4/4 + 2*u**3/3 + u**2/2 + 2*u + 1. Calculate s(z).
-16
Let c(g) = -g - 9. Suppose -2*h - 78 = 4*o, -4*h - o - 103 = 53. Let s = 33 + h. Calculate c(s).
-3
Let s be ((-2)/(-3))/(9/(405/(-10))). Let p(m) = -m**2 - 5*m - 2. Calculate p(s).
4
Let v(j) = -5 - 10*j + 5*j**2 + 11*j - j. Let h(n) = -6*n**2 + n + 6. Let m(w) = 2*h(w) + 3*v(w). Determine m(2).
13
Let j(c) = -7 + 11 - 4 + 32 + 18 - 5*c. What is j(9)?
5
Let i(y) be the first derivative of 2*y**3/3 + 23*y**2/2 + 15*y + 527. Calculate i(-11).
4
Let w(r) = 5*r**3 + 3*r**2 - 5*r + 4. Let d(x) = 4*x**3 + 4*x**2 - 6*x + 5. Suppose 3*n - 15 = -3. Let s(f) = n*w(f) - 3*d(f). What is s(1)?
7
Let m = 173 - 169. Let z be (-22)/(-5) - (-4)/(-10). Let p(i) = m*i - z + 4*i + 4*i - 11*i. Determine p(6).
2
Suppose -4*x = -4*n - 32, -3*x - x = -n - 38. Suppose -10 = 4*a - 22. Suppose -a*d - 6 = 2*p, 5*d + p + x = -0. Let u(w) = -w**3 - 2*w**2 + w - 1. What is u(d)?
-3
Let z(d) = d**3 - 11*d**2 - 13*d + 14. Let q be z(12). Let w(v) = 3 + v + q*v - 4*v. Calculate w(0).
3
Let b(o) = -8*o**2 - 25*o - 6*o**3 + 2 + 2*o**2 + 5*o**2 + 27*o. Give b(-1).
5
Let h(p) = -2*p**2 + 11*p - 8. Suppose -59 = 3*t + 5*v - 72, -4*v + 2 = t. Calculate h(t).
-14
Let a(n) be the second derivative of -n**4/4 - n**3/2 + 2*n**2 + n - 48. What is a(-3)?
-14
Suppose 2*z - c - 9 = 0, 3*z - 9*c = -6*c + 6. Let s(p) = p**3 - 8*p**2 + 7*p - 4. Calculate s(z).
-4
Suppose 2*z - 8 = -3*v, 2*z = 4*v + z - 29. Let t(f) = f**2 - 7*f - 4. Let a be t(v). Let p(j) = -j**2 - 9*j + 5. Give p(a).
-5
Suppose -14 = -13*u - 66. Let x(v) = -v**2 - 3*v + 5. Give x(u).
1
Let z(y) be the first derivative of -y**4/4 + y**3 - 3*y**2/2 + 6*y - 1018. Determine z(3).
-3
Let u(b) be the first derivative of -b**2/2 + 13*b + 87. Calculate u(11).
2
Let p(t) = -82*t + 76*t - 27 + 27. Give p(3).
-18
Let x(k) = -8*k + 16. Let p(m) = -m**2 + 4*m - 17. Let l(w) = 2*p(w) + 3*x(w). Calculate l(-9).
-4
Suppose 2 = -3*p - 2*s + 9, 0 = -5*p - 2*s + 9. Let q(m) = 3 + p - 2*m - 3. Let b(d) = d**3 - 8*d**2 - 8*d - 6. Let y be b(9). Calculate q(y).
-5
Suppose m = 2*i + 2, 4*m + 3*i + i - 32 = 0. Suppose 2*z = 2 + m. Let a(q) = -4*q**2 + q + 2. Let h(f) = -f**2 - f. Let c(n) = -a(n) + 3*h(n). Calculate c(z).
-2
Let p(k) = -4*k + 4. Let c(a) = -10*a + 10. Let f(b) = -3*c(b) + 7*p(b). Calculate f(3).
4
Let j(i) be the first derivative of i**2 - 3. Let k be j(2). Suppose -k*l + 2*l = 10. Let q(x) = x + 12. What is q(l)?
7
Let c(z) = -4*z - 12. Suppose 88*m = 137*m + 343. Calculate c(m).
16
Let s(a) = -7*a**2 - 2*a + 1. Let i be 4 + (0 - -1)*-6. Let q be (1/(-2))/((1/i)/1). What is s(q)?
-8
Let f be 5/10*18/3. Let y(r) = -f + 2*r - r - 4*r + 6*r. Calculate y(3).
6
Let b(r) = -r. Let l(n) = 8*n + 2. Let i(o) = o + 1. Let c(a) = 3*i(a) - l(a). Let u(k) = 4*b(k) - c(k). Calculate u(8).
7
Let w(u) be the third derivative of u**5/20 + u**4/24 + u**2. Let y = -10 + 15. Suppose -t + y - 4 = 0. Calculate w(t).
4
Let m(a) = 4*a**3 - 43*a**2 + 11*a - 17. Let d(c) = c**3 - 14*c**2 + 3*c - 6. Let w(r) = 7*d(r) - 2*m(r). Determine w(-12).
4
Let b(d) = d**3 - 3*d**2 + 2*d + 1. Suppose 0 = -2*z + 6 - 22. Let w = z + 7. Let m be 5 - (-1 - w - -3). Give b(m).
1
Let w(a) = -a**2 + 6*a - 7. Let z = -40 + 42. Suppose -3*q + 17 - z = 0. What is w(q)?
-2
Let k be (-6)/(2*(-1)/(-3)). Let b(a) = 0*a**2 + 2*a + 3*a**2 - 2*a**2 + 3*a + 4*a + 8. What is b(k)?
8
Let x(f) be the second derivative of -f**3/2 - 4*f**2 - f - 17. What is x(-4)?
4
Let b(m) = m**3 + 4*m**2 + m - 4. Let x be b(-3). Let a(u) = u**x - 6*u + 2*u + 2*u + u**2 + 2. Let w(h) = -h**2 + h + 2. Let r be w(0). Determine a(r).
6
Suppose -36 = -4*p - 4*n, 12*n - 13 = -5*p + 15*n. Let y(x) = -x**2 + 3*x + 3. Give y(p).
-7
Suppose 0 = -995*m + 1000*m - 80. Let n(d) = d**3 - 15*d**2 - 16*d - 2. Give n(m).
-2
Suppose -4*k - 25 + 16 = -5*s, -5*s - 5*k = 0. Let j(f) = -12*f**2 + 1 + 4 - 4. Determine j(s).
-11
Let q(w) = -w**3 + 3*w**2 - 2. Let k(a) = a**3 - 3*a**2 - a + 3. Let z(f) = 5*k(f) + 6*q(f). Calculate z(3).
-12
Let w(t) be the second derivative of -t**3/6 + 8*t**2 + 72*t. What is w(11)?
5
Let c(d) = -8*d + 3 - d**2 + 5*d + 2*d + 1. Suppose -9*v = -4*v. Calculate c(v).
4
Let a(l) = 62*l + 251. Let p be a(-4). Let c(s) = -7*s. Determine c(p).
-21
Let p be (-2)/(-2)*(-12 - -25)/39. Let k(t) be the first derivative of -p*t**3 + 4 + t - 1/2*t**4 + 0*t**2. Give k(-1).
2
Let y(f) = 5*f + 2. Let i = 221 - 223. Determine y(i).
-8
Let p(s) = 0 + 5 + 2 - s + 3. Calculate p(6).
4
Let g(l) = l**3 + 2*l**2 + 3*l + 6. Let u = -1260 - -1257. Calculate g(u).
-12
Let p(j) = 603*j - 602*j + 8*j**3 + 5 - 4 - 2*j**2 + 3*j**3. What is p(1)?
11
Let l(p) = -5*p + 4. Let q(w) = w - 1. Let h(m) = -l(m) - 6*q(m). Suppose -4 - 4 = 4*k. Let s = 3 + k. Give h(s).
1
Let o(p) = 2*p - 4. Let m(b) = -5*b**2 - 29*b. Let f be m(-6). Let v be (-10)/(-4) - (f/(-4) + -2). Give o(v).
2
Suppose 0 = -8*o + 10*o + 12. Let h(s) be the first derivative of s**2/2 + 13. What is h(o)?
-6
Let i(u) = 4*u - 8*u - 2 + 1. Let z be i(1). Let r(q) = 3*q - 2 + 9 - 1. Calculate r(z).
-9
Suppose h - 2*h = 5*q + 3, -4*h + 5 = 3*q. Let z(c) = 0 + h*c - 10 - c. Let p = -13 + 13. Determine z(p).
-10
Let u be 4 - 6/(3 - 6). Let m(g) = 2*g + 10 - g**3 - 2 + 5*g**2 + 4*g. Give m(u).
8
Suppose -2*f - 3 = -b + 13, 2*f = -3*b. Let x be (22 + f)*2/4. Let n = x - 4. Let z(q) = -q**3 + 4*q**2 - 3. Determine z(n).
-3
Let u(h) = 2*h**2 - 7*h - 3. Let r = -1176 + 1183. What is u(r)?
46
Let a(o) = o + 6. Let c(d) = -1. Let k(l) = -a(l) - 3*c(l). Let p be k(-3). Let m(s) = 2*s. Let w(r) = 5*r + 1. Let h(t) = 3*m(t) - w(t). What is h(p)?
-1
Let d(u) = -3 - 239*u**2 - 5 + 238*u**2. What is d(0)?
-8
Let i(b) = -18*b - 6. Let j be i(-2). Suppose 2*u = 12 - j. Let p(a) = a**2 + 10*a + 2. What is p(u)?
-7
Let w(n) = 5*n**2 - 4*n**2 + 18 + n - 18*n. Let d be w(16). Let b = d + 4. Let q(c) = c**3 - 5*c**2 - 6*c + 3. What is q(b)?
3
Let s(d) = d - 7. Let c be s(7). Let j(z) = c*z - 20*z + 8*z + z**3 + 3 + 5*z**2 + 8*z. Determine j(-6).
-9
Let w(f) = f**3 + 3*f**2 - 53*f - 9. Let y be w(6). Let a(d) = -d**3 - 4*d**2 - d - 2. Calculate a(y).
-8
Let o = -2563 + 2566. Let x(l) be the first derivative of -3*l**2 + 2*l + 1. What is x(o)?
-16
Let i be 3 + 8/((-32)/(-252)). Let w(q) = -11*q - q**2 - 36 - 36 + i + 2*q. What is w(-8)?
2
Suppose 0 = -3*u - g - 5, u - 2*g = 2*u. Let y(x) be the second derivative of -1/2*x**2 - 14*x + 0 - 1/3*x**3 - 1/3*x**4. Determine y(u).
-13
Let w = -191 - -11461/60. Let j(t) be the third derivative of t**3 + 0*t + w*t**5 - 1/3*t**4 + 0 - 9*t**2. Give j(8).
6
Suppose 6*c = 16 + 2. Let v(u) = -4*u + 1. Let h(g) = -g. Let z(f) = c*h(f) - v(f). Let w(l) = -l**2 - 5*l - 5. Let d be w(-5). Determine z(d).
-6
Suppose -3*c = 3 - 48. Let g(j) = j**3 - 14*j**2 - 16*j + 17. Calculate g(c).
2
Suppose -10 = -2*w - 2. Let x = w - 3. Suppose 2*a = -x - 3. Let g(s) = -s**3 - s**2 + 3*s + 1. Calculate g(a).
-1
Let v(f) = f**3 + 4*f**2 - 7*f + 5. Let m(u) = -6*u + 150. Let x be m(26). Determine v(x).
-25
Let d(h) be the second derivative of h**5/20 + h**3/6 + h**2/2 + 10*h. Let i be (-